{"id":16,"date":"2020-04-15T15:33:29","date_gmt":"2020-04-15T15:33:29","guid":{"rendered":"http:\/\/pnppaysagiste.com\/?page_id=16"},"modified":"2020-10-07T14:10:55","modified_gmt":"2020-10-07T14:10:55","slug":"carrieres","status":"publish","type":"page","link":"http:\/\/pnppaysagiste.com\/?page_id=16","title":{"rendered":"Carri\u00e8res"},"content":{"rendered":"\t\t<div data-elementor-type=\"wp-page\" data-elementor-id=\"16\" class=\"elementor elementor-16\">\n\t\t\t\t\t\t<section class=\"penci-section penci-disSticky penci-structure-10 elementor-section elementor-top-section elementor-element elementor-element-025835f elementor-section-boxed elementor-section-height-default elementor-section-height-default\" data-id=\"025835f\" data-element_type=\"section\">\n\t\t\t\t\t\t<div class=\"elementor-container elementor-column-gap-default\">\n\t\t\t\t\t<div class=\"penci-ercol-100 penci-ercol-order-1 penci-sticky-ct    elementor-column elementor-col-100 elementor-top-column elementor-element elementor-element-6630c78\" data-id=\"6630c78\" data-element_type=\"column\">\n\t\t\t<div class=\"elementor-widget-wrap elementor-element-populated\">\n\t\t\t\t\t\t<section class=\"penci-section penci-disSticky penci-structure-20 elementor-section elementor-inner-section elementor-element elementor-element-a23ea89 elementor-section-boxed elementor-section-height-default elementor-section-height-default\" data-id=\"a23ea89\" data-element_type=\"section\">\n\t\t\t\t\t\t<div class=\"elementor-container elementor-column-gap-default\">\n\t\t\t\t\t<div class=\"penci-ercol-50 penci-ercol-order-1 penci-sticky-ct    elementor-column elementor-col-50 elementor-inner-column elementor-element elementor-element-fbdea55\" data-id=\"fbdea55\" data-element_type=\"column\">\n\t\t\t<div class=\"elementor-widget-wrap elementor-element-populated\">\n\t\t\t\t\t\t<div class=\"elementor-element elementor-element-82d284d elementor-widget elementor-widget-text-editor\" data-id=\"82d284d\" data-element_type=\"widget\" data-widget_type=\"text-editor.default\">\n\t\t\t\t<div class=\"elementor-widget-container\">\n\t\t\t\t\t\t\t\t\t<p>Faites partie de notre \u00e9quipe. Remplissez le formulaire en incluant une courte description de votre parcours et nous communiquerons avec vous si votre profil nous int\u00e9resse.<\/p>\t\t\t\t\t\t\t\t<\/div>\n\t\t\t\t<\/div>\n\t\t\t\t\t<\/div>\n\t\t<\/div>\n\t\t\t\t<div class=\"penci-ercol-50 penci-ercol-order-2 penci-sticky-ct    elementor-column elementor-col-50 elementor-inner-column elementor-element elementor-element-aca93e8\" data-id=\"aca93e8\" data-element_type=\"column\">\n\t\t\t<div class=\"elementor-widget-wrap elementor-element-populated\">\n\t\t\t\t\t\t<div class=\"elementor-element elementor-element-02f77a0 elementor-widget elementor-widget-htcontactform-addons\" data-id=\"02f77a0\" data-element_type=\"widget\" data-widget_type=\"htcontactform-addons.default\">\n\t\t\t\t<div class=\"elementor-widget-container\">\n\t\t\t\t\t            <div class=\"htcontact-form-wrapper\" >\n                \n<div class=\"wpcf7 no-js\" id=\"wpcf7-f7-o1\" lang=\"fr-CA\" dir=\"ltr\" data-wpcf7-id=\"7\">\n<div class=\"screen-reader-response\"><p role=\"status\" aria-live=\"polite\" aria-atomic=\"true\"><\/p> <ul><\/ul><\/div>\n<form action=\"\/index.php?rest_route=%2Fwp%2Fv2%2Fpages%2F16#wpcf7-f7-o1\" method=\"post\" class=\"wpcf7-form init\" aria-label=\"Contact form\" novalidate=\"novalidate\" data-status=\"init\">\n<fieldset class=\"hidden-fields-container\"><input type=\"hidden\" name=\"_wpcf7\" value=\"7\" \/><input type=\"hidden\" name=\"_wpcf7_version\" value=\"6.1.3\" \/><input type=\"hidden\" name=\"_wpcf7_locale\" value=\"fr_CA\" \/><input type=\"hidden\" name=\"_wpcf7_unit_tag\" value=\"wpcf7-f7-o1\" \/><input type=\"hidden\" name=\"_wpcf7_container_post\" value=\"0\" \/><input type=\"hidden\" name=\"_wpcf7_posted_data_hash\" value=\"\" \/><input type=\"hidden\" name=\"_wpcf7_recaptcha_response\" value=\"\" \/>\n<\/fieldset>\n<p><label> Votre nom (requis)<br \/>\n<span class=\"wpcf7-form-control-wrap\" data-name=\"your-name\"><input size=\"40\" maxlength=\"400\" class=\"wpcf7-form-control wpcf7-text wpcf7-validates-as-required\" aria-required=\"true\" aria-invalid=\"false\" value=\"\" type=\"text\" name=\"your-name\" \/><\/span> <\/label>\n<\/p>\n<p><label> Votre courriel (requis)<br \/>\n<span class=\"wpcf7-form-control-wrap\" data-name=\"your-email\"><input size=\"40\" maxlength=\"400\" class=\"wpcf7-form-control wpcf7-email wpcf7-validates-as-required wpcf7-text wpcf7-validates-as-email\" aria-required=\"true\" aria-invalid=\"false\" value=\"\" type=\"email\" name=\"your-email\" \/><\/span> <\/label>\n<\/p>\n<p><label> Votre t\u00e9l\u00e9phone<br \/>\n<span class=\"wpcf7-form-control-wrap\" data-name=\"tel-468\"><input size=\"40\" maxlength=\"400\" class=\"wpcf7-form-control wpcf7-tel wpcf7-text wpcf7-validates-as-tel\" aria-invalid=\"false\" value=\"\" type=\"tel\" name=\"tel-468\" \/><\/span> <\/label>\n<\/p>\n<p><label> Sujet<br \/>\n<span class=\"wpcf7-form-control-wrap\" data-name=\"your-subject\"><input size=\"40\" maxlength=\"400\" class=\"wpcf7-form-control wpcf7-text\" aria-invalid=\"false\" value=\"\" type=\"text\" name=\"your-subject\" \/><\/span> <\/label>\n<\/p>\n<p><label> Votre Message<br \/>\n<span class=\"wpcf7-form-control-wrap\" data-name=\"your-message\"><textarea cols=\"40\" rows=\"10\" maxlength=\"2000\" class=\"wpcf7-form-control wpcf7-textarea\" aria-invalid=\"false\" name=\"your-message\"><\/textarea><\/span> <\/label>\n<\/p>\n<p><input class=\"wpcf7-form-control wpcf7-submit has-spinner\" type=\"submit\" value=\"Envoyer\" \/>\n<\/p><div class=\"wpcf7-response-output\" aria-hidden=\"true\"><\/div>\n<\/form>\n<\/div>\n            <\/div>\n\n        \t\t\t\t<\/div>\n\t\t\t\t<\/div>\n\t\t\t\t\t<\/div>\n\t\t<\/div>\n\t\t\t\t\t<\/div>\n\t\t<\/section>\n\t\t\t\t\t<\/div>\n\t\t<\/div>\n\t\t\t\t\t<\/div>\n\t\t<\/section>\n\t\t\t\t<\/div>\n\t\t","protected":false},"excerpt":{"rendered":"<p>Faites partie de notre \u00e9quipe. Remplissez le formulaire en incluant une courte description de votre parcours et nous communiquerons avec vous si votre profil nous int\u00e9resse. Votre nom (requis) Votre&hellip;<\/p>\n","protected":false},"author":1,"featured_media":0,"parent":0,"menu_order":0,"comment_status":"closed","ping_status":"closed","template":"","meta":{"_lmt_disableupdate":"","_lmt_disable":"","footnotes":""},"class_list":["post-16","page","type-page","status-publish","hentry"],"yoast_head":"<!-- This site is optimized with the Yoast SEO plugin v26.2 - https:\/\/yoast.com\/wordpress\/plugins\/seo\/ -->\n<title>Carri\u00e8res - PNP Paysagiste<\/title>\n<meta name=\"description\" content=\"P.N.P paysagiste se sp\u00e9cialise en am\u00e9nagement paysager commercial, municipal, institutionnel et gouvernemental.\" \/>\n<meta name=\"robots\" content=\"index, follow, max-snippet:-1, max-image-preview:large, max-video-preview:-1\" \/>\n<link rel=\"canonical\" href=\"http:\/\/pnppaysagiste.com\/?page_id=16\" \/>\n<meta property=\"og:locale\" content=\"fr_CA\" \/>\n<meta property=\"og:type\" content=\"article\" \/>\n<meta property=\"og:title\" content=\"Carri\u00e8res - PNP Paysagiste\" \/>\n<meta property=\"og:description\" content=\"P.N.P paysagiste se sp\u00e9cialise en am\u00e9nagement paysager commercial, municipal, institutionnel et gouvernemental.\" \/>\n<meta property=\"og:url\" content=\"http:\/\/pnppaysagiste.com\/?page_id=16\" \/>\n<meta property=\"og:site_name\" content=\"PNP Paysagiste\" \/>\n<meta property=\"article:modified_time\" content=\"2020-10-07T14:10:55+00:00\" \/>\n<meta name=\"twitter:card\" content=\"summary_large_image\" \/>\n<script type=\"application\/ld+json\" class=\"yoast-schema-graph\">{\"@context\":\"https:\/\/schema.org\",\"@graph\":[{\"@type\":\"WebPage\",\"@id\":\"http:\/\/pnppaysagiste.com\/?page_id=16\",\"url\":\"http:\/\/pnppaysagiste.com\/?page_id=16\",\"name\":\"Carri\u00e8res - PNP Paysagiste\",\"isPartOf\":{\"@id\":\"http:\/\/pnppaysagiste.com\/#website\"},\"datePublished\":\"2020-04-15T15:33:29+00:00\",\"dateModified\":\"2020-10-07T14:10:55+00:00\",\"description\":\"P.N.P paysagiste se sp\u00e9cialise en am\u00e9nagement paysager commercial, municipal, institutionnel et gouvernemental.\",\"breadcrumb\":{\"@id\":\"http:\/\/pnppaysagiste.com\/?page_id=16#breadcrumb\"},\"inLanguage\":\"fr-CA\",\"potentialAction\":[{\"@type\":\"ReadAction\",\"target\":[\"http:\/\/pnppaysagiste.com\/?page_id=16\"]}]},{\"@type\":\"BreadcrumbList\",\"@id\":\"http:\/\/pnppaysagiste.com\/?page_id=16#breadcrumb\",\"itemListElement\":[{\"@type\":\"ListItem\",\"position\":1,\"name\":\"Accueil\",\"item\":\"http:\/\/pnppaysagiste.com\/\"},{\"@type\":\"ListItem\",\"position\":2,\"name\":\"Carri\u00e8res\"}]},{\"@type\":\"WebSite\",\"@id\":\"http:\/\/pnppaysagiste.com\/#website\",\"url\":\"http:\/\/pnppaysagiste.com\/\",\"name\":\"PNP Paysagiste\",\"description\":\"Au coeur des plus belles r\u00e9alisations depuis 1997\",\"potentialAction\":[{\"@type\":\"SearchAction\",\"target\":{\"@type\":\"EntryPoint\",\"urlTemplate\":\"http:\/\/pnppaysagiste.com\/?s={search_term_string}\"},\"query-input\":{\"@type\":\"PropertyValueSpecification\",\"valueRequired\":true,\"valueName\":\"search_term_string\"}}],\"inLanguage\":\"fr-CA\"}]}<\/script>\n<!-- \/ Yoast SEO plugin. -->","yoast_head_json":{"title":"Carri\u00e8res - PNP Paysagiste","description":"P.N.P paysagiste se sp\u00e9cialise en am\u00e9nagement paysager commercial, municipal, institutionnel et gouvernemental.","robots":{"index":"index","follow":"follow","max-snippet":"max-snippet:-1","max-image-preview":"max-image-preview:large","max-video-preview":"max-video-preview:-1"},"canonical":"http:\/\/pnppaysagiste.com\/?page_id=16","og_locale":"fr_CA","og_type":"article","og_title":"Carri\u00e8res - PNP Paysagiste","og_description":"P.N.P paysagiste se sp\u00e9cialise en am\u00e9nagement paysager commercial, municipal, institutionnel et gouvernemental.","og_url":"http:\/\/pnppaysagiste.com\/?page_id=16","og_site_name":"PNP Paysagiste","article_modified_time":"2020-10-07T14:10:55+00:00","twitter_card":"summary_large_image","schema":{"@context":"https:\/\/schema.org","@graph":[{"@type":"WebPage","@id":"http:\/\/pnppaysagiste.com\/?page_id=16","url":"http:\/\/pnppaysagiste.com\/?page_id=16","name":"Carri\u00e8res - PNP Paysagiste","isPartOf":{"@id":"http:\/\/pnppaysagiste.com\/#website"},"datePublished":"2020-04-15T15:33:29+00:00","dateModified":"2020-10-07T14:10:55+00:00","description":"P.N.P paysagiste se sp\u00e9cialise en am\u00e9nagement paysager commercial, municipal, institutionnel et gouvernemental.","breadcrumb":{"@id":"http:\/\/pnppaysagiste.com\/?page_id=16#breadcrumb"},"inLanguage":"fr-CA","potentialAction":[{"@type":"ReadAction","target":["http:\/\/pnppaysagiste.com\/?page_id=16"]}]},{"@type":"BreadcrumbList","@id":"http:\/\/pnppaysagiste.com\/?page_id=16#breadcrumb","itemListElement":[{"@type":"ListItem","position":1,"name":"Accueil","item":"http:\/\/pnppaysagiste.com\/"},{"@type":"ListItem","position":2,"name":"Carri\u00e8res"}]},{"@type":"WebSite","@id":"http:\/\/pnppaysagiste.com\/#website","url":"http:\/\/pnppaysagiste.com\/","name":"PNP Paysagiste","description":"Au coeur des plus belles r\u00e9alisations depuis 1997","potentialAction":[{"@type":"SearchAction","target":{"@type":"EntryPoint","urlTemplate":"http:\/\/pnppaysagiste.com\/?s={search_term_string}"},"query-input":{"@type":"PropertyValueSpecification","valueRequired":true,"valueName":"search_term_string"}}],"inLanguage":"fr-CA"}]}},"_links":{"self":[{"href":"http:\/\/pnppaysagiste.com\/index.php?rest_route=\/wp\/v2\/pages\/16","targetHints":{"allow":["GET"]}}],"collection":[{"href":"http:\/\/pnppaysagiste.com\/index.php?rest_route=\/wp\/v2\/pages"}],"about":[{"href":"http:\/\/pnppaysagiste.com\/index.php?rest_route=\/wp\/v2\/types\/page"}],"author":[{"embeddable":true,"href":"http:\/\/pnppaysagiste.com\/index.php?rest_route=\/wp\/v2\/users\/1"}],"replies":[{"embeddable":true,"href":"http:\/\/pnppaysagiste.com\/index.php?rest_route=%2Fwp%2Fv2%2Fcomments&post=16"}],"version-history":[{"count":6,"href":"http:\/\/pnppaysagiste.com\/index.php?rest_route=\/wp\/v2\/pages\/16\/revisions"}],"predecessor-version":[{"id":185,"href":"http:\/\/pnppaysagiste.com\/index.php?rest_route=\/wp\/v2\/pages\/16\/revisions\/185"}],"wp:attachment":[{"href":"http:\/\/pnppaysagiste.com\/index.php?rest_route=%2Fwp%2Fv2%2Fmedia&parent=16"}],"curies":[{"name":"wp","href":"https:\/\/api.w.org\/{rel}","templated":true}]}}