{"id":163,"date":"2020-05-01T18:56:13","date_gmt":"2020-05-01T18:56:13","guid":{"rendered":"http:\/\/pnppaysagiste.com\/?post_type=portfolio&#038;p=163"},"modified":"2020-05-01T19:02:05","modified_gmt":"2020-05-01T19:02:05","slug":"pavillon-bonenfant-universite-laval-2018","status":"publish","type":"portfolio","link":"http:\/\/pnppaysagiste.com\/?portfolio=pavillon-bonenfant-universite-laval-2018","title":{"rendered":"Pavillon Bonenfant &#8211; Universit\u00e9 Laval &#8211; 2018"},"content":{"rendered":"<p>Am\u00e9nagement de la devanture du Pavillon Bonenfant \u00e0 l&rsquo;Universit\u00e9 Laval. Pav\u00e9s de b\u00e9ton, dalles de granite, mobilier urbain, plantations<\/p>\n","protected":false},"excerpt":{"rendered":"<p>Am\u00e9nagement de la devanture du Pavillon Bonenfant \u00e0 l&rsquo;Universit\u00e9 Laval. Pav\u00e9s de b\u00e9ton, dalles de granite, mobilier urbain, plantations<\/p>\n","protected":false},"author":2,"featured_media":164,"comment_status":"open","ping_status":"closed","template":"","portfolio-category":[3,5],"class_list":["post-163","portfolio","type-portfolio","status-publish","has-post-thumbnail","hentry","portfolio-category-paves","portfolio-category-plantations"],"yoast_head":"<!-- This site is optimized with the Yoast SEO plugin v26.2 - https:\/\/yoast.com\/wordpress\/plugins\/seo\/ -->\n<title>Pavillon Bonenfant - Universit\u00e9 Laval - 2018 - PNP Paysagiste<\/title>\n<meta name=\"robots\" content=\"index, follow, max-snippet:-1, max-image-preview:large, max-video-preview:-1\" \/>\n<link rel=\"canonical\" href=\"http:\/\/pnppaysagiste.com\/?portfolio=pavillon-bonenfant-universite-laval-2018\" \/>\n<meta property=\"og:locale\" content=\"fr_CA\" \/>\n<meta property=\"og:type\" content=\"article\" \/>\n<meta property=\"og:title\" content=\"Pavillon Bonenfant - Universit\u00e9 Laval - 2018 - PNP Paysagiste\" \/>\n<meta property=\"og:description\" content=\"Am\u00e9nagement de la devanture du Pavillon Bonenfant \u00e0 l&rsquo;Universit\u00e9 Laval. Pav\u00e9s de b\u00e9ton, dalles de granite, mobilier urbain, plantations\" \/>\n<meta property=\"og:url\" content=\"http:\/\/pnppaysagiste.com\/?portfolio=pavillon-bonenfant-universite-laval-2018\" \/>\n<meta property=\"og:site_name\" content=\"PNP Paysagiste\" \/>\n<meta property=\"article:modified_time\" content=\"2020-05-01T19:02:05+00:00\" \/>\n<meta property=\"og:image\" content=\"http:\/\/pnppaysagiste.com\/wp-content\/uploads\/2020\/05\/Pavillon_bonenfant-scaled.jpg\" \/>\n\t<meta property=\"og:image:width\" content=\"2560\" \/>\n\t<meta property=\"og:image:height\" content=\"1920\" \/>\n\t<meta property=\"og:image:type\" content=\"image\/jpeg\" \/>\n<meta name=\"twitter:card\" content=\"summary_large_image\" \/>\n<script type=\"application\/ld+json\" class=\"yoast-schema-graph\">{\"@context\":\"https:\/\/schema.org\",\"@graph\":[{\"@type\":\"WebPage\",\"@id\":\"http:\/\/pnppaysagiste.com\/?portfolio=pavillon-bonenfant-universite-laval-2018\",\"url\":\"http:\/\/pnppaysagiste.com\/?portfolio=pavillon-bonenfant-universite-laval-2018\",\"name\":\"Pavillon Bonenfant - Universit\u00e9 Laval - 2018 - PNP Paysagiste\",\"isPartOf\":{\"@id\":\"http:\/\/pnppaysagiste.com\/#website\"},\"primaryImageOfPage\":{\"@id\":\"http:\/\/pnppaysagiste.com\/?portfolio=pavillon-bonenfant-universite-laval-2018#primaryimage\"},\"image\":{\"@id\":\"http:\/\/pnppaysagiste.com\/?portfolio=pavillon-bonenfant-universite-laval-2018#primaryimage\"},\"thumbnailUrl\":\"http:\/\/pnppaysagiste.com\/wp-content\/uploads\/2020\/05\/Pavillon_bonenfant-scaled.jpg\",\"datePublished\":\"2020-05-01T18:56:13+00:00\",\"dateModified\":\"2020-05-01T19:02:05+00:00\",\"breadcrumb\":{\"@id\":\"http:\/\/pnppaysagiste.com\/?portfolio=pavillon-bonenfant-universite-laval-2018#breadcrumb\"},\"inLanguage\":\"fr-CA\",\"potentialAction\":[{\"@type\":\"ReadAction\",\"target\":[\"http:\/\/pnppaysagiste.com\/?portfolio=pavillon-bonenfant-universite-laval-2018\"]}]},{\"@type\":\"ImageObject\",\"inLanguage\":\"fr-CA\",\"@id\":\"http:\/\/pnppaysagiste.com\/?portfolio=pavillon-bonenfant-universite-laval-2018#primaryimage\",\"url\":\"http:\/\/pnppaysagiste.com\/wp-content\/uploads\/2020\/05\/Pavillon_bonenfant-scaled.jpg\",\"contentUrl\":\"http:\/\/pnppaysagiste.com\/wp-content\/uploads\/2020\/05\/Pavillon_bonenfant-scaled.jpg\",\"width\":2560,\"height\":1920},{\"@type\":\"BreadcrumbList\",\"@id\":\"http:\/\/pnppaysagiste.com\/?portfolio=pavillon-bonenfant-universite-laval-2018#breadcrumb\",\"itemListElement\":[{\"@type\":\"ListItem\",\"position\":1,\"name\":\"Accueil\",\"item\":\"http:\/\/pnppaysagiste.com\/\"},{\"@type\":\"ListItem\",\"position\":2,\"name\":\"Portfolio\",\"item\":\"http:\/\/pnppaysagiste.com\/?post_type=portfolio\"},{\"@type\":\"ListItem\",\"position\":3,\"name\":\"Pavillon Bonenfant &#8211; Universit\u00e9 Laval &#8211; 2018\"}]},{\"@type\":\"WebSite\",\"@id\":\"http:\/\/pnppaysagiste.com\/#website\",\"url\":\"http:\/\/pnppaysagiste.com\/\",\"name\":\"PNP Paysagiste\",\"description\":\"Au coeur des plus belles r\u00e9alisations depuis 1997\",\"potentialAction\":[{\"@type\":\"SearchAction\",\"target\":{\"@type\":\"EntryPoint\",\"urlTemplate\":\"http:\/\/pnppaysagiste.com\/?s={search_term_string}\"},\"query-input\":{\"@type\":\"PropertyValueSpecification\",\"valueRequired\":true,\"valueName\":\"search_term_string\"}}],\"inLanguage\":\"fr-CA\"}]}<\/script>\n<!-- \/ Yoast SEO plugin. -->","yoast_head_json":{"title":"Pavillon Bonenfant - Universit\u00e9 Laval - 2018 - PNP Paysagiste","robots":{"index":"index","follow":"follow","max-snippet":"max-snippet:-1","max-image-preview":"max-image-preview:large","max-video-preview":"max-video-preview:-1"},"canonical":"http:\/\/pnppaysagiste.com\/?portfolio=pavillon-bonenfant-universite-laval-2018","og_locale":"fr_CA","og_type":"article","og_title":"Pavillon Bonenfant - Universit\u00e9 Laval - 2018 - PNP Paysagiste","og_description":"Am\u00e9nagement de la devanture du Pavillon Bonenfant \u00e0 l&rsquo;Universit\u00e9 Laval. Pav\u00e9s de b\u00e9ton, dalles de granite, mobilier urbain, plantations","og_url":"http:\/\/pnppaysagiste.com\/?portfolio=pavillon-bonenfant-universite-laval-2018","og_site_name":"PNP Paysagiste","article_modified_time":"2020-05-01T19:02:05+00:00","og_image":[{"width":2560,"height":1920,"url":"http:\/\/pnppaysagiste.com\/wp-content\/uploads\/2020\/05\/Pavillon_bonenfant-scaled.jpg","type":"image\/jpeg"}],"twitter_card":"summary_large_image","schema":{"@context":"https:\/\/schema.org","@graph":[{"@type":"WebPage","@id":"http:\/\/pnppaysagiste.com\/?portfolio=pavillon-bonenfant-universite-laval-2018","url":"http:\/\/pnppaysagiste.com\/?portfolio=pavillon-bonenfant-universite-laval-2018","name":"Pavillon Bonenfant - Universit\u00e9 Laval - 2018 - PNP Paysagiste","isPartOf":{"@id":"http:\/\/pnppaysagiste.com\/#website"},"primaryImageOfPage":{"@id":"http:\/\/pnppaysagiste.com\/?portfolio=pavillon-bonenfant-universite-laval-2018#primaryimage"},"image":{"@id":"http:\/\/pnppaysagiste.com\/?portfolio=pavillon-bonenfant-universite-laval-2018#primaryimage"},"thumbnailUrl":"http:\/\/pnppaysagiste.com\/wp-content\/uploads\/2020\/05\/Pavillon_bonenfant-scaled.jpg","datePublished":"2020-05-01T18:56:13+00:00","dateModified":"2020-05-01T19:02:05+00:00","breadcrumb":{"@id":"http:\/\/pnppaysagiste.com\/?portfolio=pavillon-bonenfant-universite-laval-2018#breadcrumb"},"inLanguage":"fr-CA","potentialAction":[{"@type":"ReadAction","target":["http:\/\/pnppaysagiste.com\/?portfolio=pavillon-bonenfant-universite-laval-2018"]}]},{"@type":"ImageObject","inLanguage":"fr-CA","@id":"http:\/\/pnppaysagiste.com\/?portfolio=pavillon-bonenfant-universite-laval-2018#primaryimage","url":"http:\/\/pnppaysagiste.com\/wp-content\/uploads\/2020\/05\/Pavillon_bonenfant-scaled.jpg","contentUrl":"http:\/\/pnppaysagiste.com\/wp-content\/uploads\/2020\/05\/Pavillon_bonenfant-scaled.jpg","width":2560,"height":1920},{"@type":"BreadcrumbList","@id":"http:\/\/pnppaysagiste.com\/?portfolio=pavillon-bonenfant-universite-laval-2018#breadcrumb","itemListElement":[{"@type":"ListItem","position":1,"name":"Accueil","item":"http:\/\/pnppaysagiste.com\/"},{"@type":"ListItem","position":2,"name":"Portfolio","item":"http:\/\/pnppaysagiste.com\/?post_type=portfolio"},{"@type":"ListItem","position":3,"name":"Pavillon Bonenfant &#8211; Universit\u00e9 Laval &#8211; 2018"}]},{"@type":"WebSite","@id":"http:\/\/pnppaysagiste.com\/#website","url":"http:\/\/pnppaysagiste.com\/","name":"PNP Paysagiste","description":"Au coeur des plus belles r\u00e9alisations depuis 1997","potentialAction":[{"@type":"SearchAction","target":{"@type":"EntryPoint","urlTemplate":"http:\/\/pnppaysagiste.com\/?s={search_term_string}"},"query-input":{"@type":"PropertyValueSpecification","valueRequired":true,"valueName":"search_term_string"}}],"inLanguage":"fr-CA"}]}},"_links":{"self":[{"href":"http:\/\/pnppaysagiste.com\/index.php?rest_route=\/wp\/v2\/portfolio\/163","targetHints":{"allow":["GET"]}}],"collection":[{"href":"http:\/\/pnppaysagiste.com\/index.php?rest_route=\/wp\/v2\/portfolio"}],"about":[{"href":"http:\/\/pnppaysagiste.com\/index.php?rest_route=\/wp\/v2\/types\/portfolio"}],"author":[{"embeddable":true,"href":"http:\/\/pnppaysagiste.com\/index.php?rest_route=\/wp\/v2\/users\/2"}],"replies":[{"embeddable":true,"href":"http:\/\/pnppaysagiste.com\/index.php?rest_route=%2Fwp%2Fv2%2Fcomments&post=163"}],"wp:featuredmedia":[{"embeddable":true,"href":"http:\/\/pnppaysagiste.com\/index.php?rest_route=\/wp\/v2\/media\/164"}],"wp:attachment":[{"href":"http:\/\/pnppaysagiste.com\/index.php?rest_route=%2Fwp%2Fv2%2Fmedia&parent=163"}],"wp:term":[{"taxonomy":"portfolio-category","embeddable":true,"href":"http:\/\/pnppaysagiste.com\/index.php?rest_route=%2Fwp%2Fv2%2Fportfolio-category&post=163"}],"curies":[{"name":"wp","href":"https:\/\/api.w.org\/{rel}","templated":true}]}}

Pavillon Bonenfant &#8211; Université Laval &#8211; 2018

<p>Aménagement de la devanture du Pavillon Bonenfant à l&rsquo;Université Laval. Pavés de béton, dalles de granite, mobilier urbain, plantations</p>

<!-- This site is optimized with the Yoast SEO plugin v26.2 - https://yoast.com/wordpress/plugins/seo/ -->
<title>Pavillon Bonenfant - Université Laval - 2018 - PNP Paysagiste</title>
<meta name="robots" content="index, follow, max-snippet:-1, max-image-preview:large, max-video-preview:-1" />
<link rel="canonical" href="http://pnppaysagiste.com/?portfolio=pavillon-bonenfant-universite-laval-2018" />
<meta property="og:locale" content="fr_CA" />
<meta property="og:type" content="article" />
<meta property="og:title" content="Pavillon Bonenfant - Université Laval - 2018 - PNP Paysagiste" />
<meta property="og:description" content="Aménagement de la devanture du Pavillon Bonenfant à l&rsquo;Université Laval. Pavés de béton, dalles de granite, mobilier urbain, plantations" />
<meta property="og:url" content="http://pnppaysagiste.com/?portfolio=pavillon-bonenfant-universite-laval-2018" />
<meta property="og:site_name" content="PNP Paysagiste" />
<meta property="article:modified_time" content="2020-05-01T19:02:05+00:00" />
<meta property="og:image" content="http://pnppaysagiste.com/wp-content/uploads/2020/05/Pavillon_bonenfant-scaled.jpg" />
	<meta property="og:image:width" content="2560" />
	<meta property="og:image:height" content="1920" />
	<meta property="og:image:type" content="image/jpeg" />
<meta name="twitter:card" content="summary_large_image" />
<script type="application/ld+json" class="yoast-schema-graph">{"@context":"https://schema.org","@graph":[{"@type":"WebPage","@id":"http://pnppaysagiste.com/?portfolio=pavillon-bonenfant-universite-laval-2018","url":"http://pnppaysagiste.com/?portfolio=pavillon-bonenfant-universite-laval-2018","name":"Pavillon Bonenfant - Université Laval - 2018 - PNP Paysagiste","isPartOf":{"@id":"http://pnppaysagiste.com/#website"},"primaryImageOfPage":{"@id":"http://pnppaysagiste.com/?portfolio=pavillon-bonenfant-universite-laval-2018#primaryimage"},"image":{"@id":"http://pnppaysagiste.com/?portfolio=pavillon-bonenfant-universite-laval-2018#primaryimage"},"thumbnailUrl":"http://pnppaysagiste.com/wp-content/uploads/2020/05/Pavillon_bonenfant-scaled.jpg","datePublished":"2020-05-01T18:56:13+00:00","dateModified":"2020-05-01T19:02:05+00:00","breadcrumb":{"@id":"http://pnppaysagiste.com/?portfolio=pavillon-bonenfant-universite-laval-2018#breadcrumb"},"inLanguage":"fr-CA","potentialAction":[{"@type":"ReadAction","target":["http://pnppaysagiste.com/?portfolio=pavillon-bonenfant-universite-laval-2018"]}]},{"@type":"ImageObject","inLanguage":"fr-CA","@id":"http://pnppaysagiste.com/?portfolio=pavillon-bonenfant-universite-laval-2018#primaryimage","url":"http://pnppaysagiste.com/wp-content/uploads/2020/05/Pavillon_bonenfant-scaled.jpg","contentUrl":"http://pnppaysagiste.com/wp-content/uploads/2020/05/Pavillon_bonenfant-scaled.jpg","width":2560,"height":1920},{"@type":"BreadcrumbList","@id":"http://pnppaysagiste.com/?portfolio=pavillon-bonenfant-universite-laval-2018#breadcrumb","itemListElement":[{"@type":"ListItem","position":1,"name":"Accueil","item":"http://pnppaysagiste.com/"},{"@type":"ListItem","position":2,"name":"Portfolio","item":"http://pnppaysagiste.com/?post_type=portfolio"},{"@type":"ListItem","position":3,"name":"Pavillon Bonenfant &#8211; Université Laval &#8211; 2018"}]},{"@type":"WebSite","@id":"http://pnppaysagiste.com/#website","url":"http://pnppaysagiste.com/","name":"PNP Paysagiste","description":"Au coeur des plus belles réalisations depuis 1997","potentialAction":[{"@type":"SearchAction","target":{"@type":"EntryPoint","urlTemplate":"http://pnppaysagiste.com/?s={search_term_string}"},"query-input":{"@type":"PropertyValueSpecification","valueRequired":true,"valueName":"search_term_string"}}],"inLanguage":"fr-CA"}]}</script>
<!-- / Yoast SEO plugin. -->

Pavillon Bonenfant - Université Laval - 2018 - PNP Paysagiste

Aménagement de la devanture du Pavillon Bonenfant à l&rsquo;Université Laval. Pavés de béton, dalles de granite, mobilier urbain, plantations

Au coeur des plus belles réalisations depuis 1997
